et j(y) = y**3 - 2*y**2 - y - 1. Let p = -18 - -22. Suppose p*o + 6 + 2 = 0. Determine j(o).
-15
Let p(d) = 3*d**2 - 2*d. Let x = 9 - 5. Suppose 5*n = -0 + 10, -16 = -x*w - 4*n. Give p(w).
8
Let g(i) = i - 8. Let z = -1 - -1. Let o(k) = -k**3 - 7*k**2 - k - 4. Let n be o(-7). Suppose -n*v + 4*v - 4 = z. Determine g(v).
-4
Suppose h = -h - 18. Let a = h - -13. Suppose 2*x = -4*d + 10, a*d - x + 5 - 12 = 0. Let c(y) = -5*y + 3. Calculate c(d).
-7
Let j be (-4 + 22/8)*-4. Let x(a) = a**2 - a - 7. Determine x(j).
13
Let r(v) = -2*v - 2. Let l(f) = f - 6. Let b(y) = -5. Let k(w) = -4*b(w) + 3*l(w). Let o(m) = -3*k(m) - 4*r(m). Give o(0).
2
Suppose 18*x = 7*x. Let c(d) be the second derivative of -1/6*d**3 - 4*d - d**2 + x. What is c(-2)?
0
Let b(i) = i**3 - 13*i**2 + 8*i. Let h(o) = -o**3 + 12*o**2 - 7*o. Let j(a) = 6*b(a) + 7*h(a). Give j(6).
-6
Suppose u = -2*x - 4, 2*x + 2*x + 2 = -3*u. Suppose -5*y - v + 4 = 0, -y - 3 = -2*v - u. Let p(g) = -10*g**3 + g**2. Calculate p(y).
-9
Let w(z) be the second derivative of -z**5/60 - 2*z**3/3 + 6*z. Let q(n) be the second derivative of w(n). Determine q(-1).
2
Let c be (-4)/6 + 60/9. Let a(n) = n**3 - 7*n**2 + 8*n - 7. Calculate a(c).
5
Suppose -25 + 9 = 4*j. Let q = -3 - j. Let b(w) = -7*w + 1. What is b(q)?
-6
Let v(q) = 2*q - 5. Let x(s) = -s + 1. Let o(j) = v(j) + 3*x(j). Suppose 2*z = -3*z - 10. Let m be z*1 + 0 - 3. Give o(m).
3
Let t = 0 + -3. Let q(y) be the second derivative of -y**3/3 + 3*y**2/2 + 2*y. Give q(t).
9
Let f(k) = -k + 9. Let q be f(9). Suppose -2 = c - q. Let y(i) = -1 - 46*i - 50*i + 94*i. What is y(c)?
3
Suppose 5*q = -4*s, -4*q - s - 21 = -2*s. Let b(y) = 3*y + 6*y + y**2 - 3*y + 2. Determine b(q).
-6
Let o(k) = 7*k - 16*k - 7*k + 3. Calculate o(2).
-29
Let n be (54/15)/6*-5. Let w(m) = 4*m**2 - 4*m + 1. Let c(i) = i**2. Let s(j) = 5*c(j) - w(j). Calculate s(n).
-4
Let i be 2/7 - 90/21. Let v(s) = s**2 + 7*s + 6. What is v(i)?
-6
Let a(m) be the second derivative of 9*m**5/20 - m**3/3 - m**2/2 - 22*m. Determine a(-1).
-8
Let k(a) be the third derivative of a**8/20160 - a**7/1008 + a**6/144 - a**5/12 - 5*a**2. Let f(d) be the third derivative of k(d). Determine f(6).
11
Let b = -10 + 16. Let w(h) be the third derivative of h**5/60 - 7*h**4/24 + 2*h**3/3 - 26*h**2. Determine w(b).
-2
Let g(m) be the second derivative of -m**5/20 - m**4/2 + m**3/3 + 5*m**2/2 - 38*m. What is g(-6)?
-7
Let f = 0 + 1. Let v(c) be the third derivative of 7*c**5/60 - 6*c**2. Calculate v(f).
7
Let s(d) = d**3 + d**2 - 5*d - 3. Let h be 12/7 - 8/(-28). Let i(b) = -b**3 + 2*b + 1. Let n be i(h). Calculate s(n).
-6
Let s(q) = 3*q**3 + 1. Let a(n) = n**2 + 6*n + 6. Let z be a(-5). Let u be (-5)/((-15)/12 + z). Suppose -4*y - 16 = 4*b, -b + 5*y = -6 - u. Determine s(b).
4
Let b(w) be the third derivative of w**7/105 - w**5/60 - w**4/24 - w**3/3 - w**2. Let l(g) be the first derivative of b(g). What is l(-1)?
-7
Let m(k) be the second derivative of k**7/2520 + k**6/120 + k**5/60 + 5*k**4/12 - 2*k. Let a(q) be the third derivative of m(q). Calculate a(-5).
-3
Let g(b) be the third derivative of b**8/20160 + b**7/2520 - b**6/720 - b**5/30 + 4*b**2. Let c(l) be the third derivative of g(l). Give c(-3).
2
Let r(f) = 3*f + 1. Let w = -18 - -16. Determine r(w).
-5
Let r(a) = -a**3 - 5*a**2 - 5. Suppose -6*y + 36 = -10*y + 4*q, 5*q = -4*y. Determine r(y).
-5
Let l(b) = -3*b + 9. Let u(c) = c**3 - c**2 - 1. Let m(q) = -4*q**3 - 2*q**2 + 4*q - 3. Let p(f) = m(f) + 3*u(f). Let r be p(-6). Calculate l(r).
-9
Let l(d) be the second derivative of -d**5/120 + d**4/4 - 2*d**3/3 + 4*d. Let x(t) be the second derivative of l(t). Give x(6).
0
Let o = -18 - -15. Let i(w) be the first derivative of w**4/4 + 2*w**3/3 - 2*w + 2. Calculate i(o).
-11
Let n be 10/(-5) + -1 + -10. Let x be 3 + 0 + 16/1. Let q = x + n. Let a(g) = g**3 - 6*g**2 - 2*g + 8. Give a(q).
-4
Let d(x) = -4*x - 75. Let g be d(-18). Let y(h) = -h**3 - 3*h**2 - 2*h + 3. What is y(g)?
9
Let z(y) = y**2 + 9*y - 24. Let w be z(-11). Let j(l) = -l + 1. Let u be j(-3). Let g(i) = i**2 + 5 - 5 + u*i. Determine g(w).
-4
Let r(u) = u**3 + 3*u**2 + 3*u + 4. Suppose -7 = -i - 2*j, -2*i + 9 = j + 2*j. Determine r(i).
-5
Let f(a) = -a**3 - 6*a**2 - 4*a + 3. Suppose -d + 6 = 2. Suppose 4*l + 2*j = 20, 4*j - 6 = 2*l + j. Suppose 0 = l*r + 11 + d. Determine f(r).
-2
Let v(t) = t**3 - 8*t**2 - 7*t - 12. Let u be (-108)/(-24)*(0 - -2). Give v(u).
6
Suppose 8*y - 3*y = 0. Let b(d) = 4*d**2 + d + 1. Let g be (-6)/(-4) - 2/4. Let w(r) = -r**2 - 1. Let i(o) = g*b(o) + 5*w(o). Give i(y).
-4
Let i(a) = 7*a**2 + 3*a + 3. Let x(l) = 15*l**2 + 6*l + 6. Let r(o) = -13*i(o) + 6*x(o). Give r(-4).
-7
Let o(k) = -k**2 + 11*k - 13. Suppose -3*d + t = -0*d - 30, -5*t + 20 = 2*d. Determine o(d).
-3
Let k(u) = -2*u - 3. Let l(n) = -n - 6 + 5 + 0*n. Suppose 0*d = -5*d - 5. Let t(m) = d*k(m) + 3*l(m). Determine t(-2).
2
Let z(o) be the third derivative of -o**6/120 + o**5/12 + o**4/3 - o**3 + 2*o**2. Give z(6).
6
Let x(d) = 41*d - 11*d - 22*d + 0 + 1. Calculate x(3).
25
Let j(r) = -2*r**2 - 2. Let y(p) = -3*p**2 - p - 3. Let k be 2/((-8)/10)*-2. Let h(c) = k*j(c) - 3*y(c). Suppose 17 - 7 = 5*x. Give h(x).
1
Let k(q) = 5*q + 3. Let s = 129 - 132. Calculate k(s).
-12
Let p be -1 - (6 - (1 - -1)). Let n(j) be the second derivative of 1/6*j**3 + 2*j + 1/2*j**2 + 0. What is n(p)?
-4
Suppose -1 = -i + 3*o, 0 = i + 5*o + 19 - 4. Let j(c) = -3*c**2 + 19*c - 1. Let d(g) = -4*g**2 + 28*g - 1. Let b(a) = 5*d(a) - 7*j(a). What is b(i)?
-8
Let f(r) = -r**3 - 6*r**2 - 7*r. Let j(d) = 3*d - 2. Let h be j(-2). Let z = -13 - h. Calculate f(z).
10
Let c(r) be the first derivative of -r**3/3 + 3*r**2 - 2*r + 19. What is c(5)?
3
Let b(u) = u**3 - u**2 + u. Let x(n) = -4*n**3 + 6*n**2 - n - 3. Let g(t) = -5*b(t) - x(t). Give g(2).
-17
Let c = 28 + -23. Let m(r) = r**2 - 7*r + 4. Determine m(c).
-6
Let x(w) be the first derivative of w**3/3 + 11*w**2/2 + 5*w + 36. Give x(-9).
-13
Let f(p) = 9*p**2 - p. Let r be f(1). Let y(g) = g**2 + 9*g + 7. Let z(j) = -3*j**2 - 26*j - 21. Let c(m) = r*y(m) + 3*z(m). What is c(-5)?
-2
Let g(p) = -1 + p + 7 - 5*p + 3*p. Let b be g(6). Let i(y) = b*y - y + 2 + 4 + 6. Give i(0).
12
Let w(b) = -2*b + 1. Let r be 2/3 + (-18)/(-54). Calculate w(r).
-1
Let s(y) = y**2 + 5*y + 3. Suppose -3*x + w + 2*w = 12, -2 = x - 3*w. Let n be s(x). Let m(t) = 3*t + n + 0*t**2 + 6*t**2 + t + 0*t + t**3. Determine m(-5).
8
Let w = -4 - -4. Suppose w = 2*s - 3 + 5. Let u(a) be the first derivative of -9*a**4/4 + 4. What is u(s)?
9
Let u(q) = -q**2 - 1. Let i(r) = 6*r**2 + 4*r. Let f(t) = i(t) + 4*u(t). Give f(-4).
12
Let m(i) = i**2 - 5*i - 2. Let u(y) = 5*y**2 + 2*y + 1. Let l be (-4)/(-8) - (-3)/(-2). Let h be u(l). Calculate m(h).
-6
Let p(r) = -r**3 - 7*r**2 + 3*r**2 - 2 + 0*r**2 + r + 3*r**2. Calculate p(0).
-2
Let z(a) = a**3 - 3*a - 4 + 3*a + 3 + 3*a**2 + 3*a. Determine z(-3).
-10
Let h(d) = 2 - 1 + 2 - 2 - 9*d. Let k be ((-2)/4)/(1/(-2)). What is h(k)?
-8
Let o = 8 + -3. Let y = 5 - 3. Let c(a) = -3*a - a**2 - 3*a + 2*a**y + 2. Give c(o).
-3
Suppose 3*b + 9 = 24. Suppose 3*y = 3*v - 15, 3*v + v - 20 = -b*y. Let f(z) = z**2 - z + 4. Give f(y).
4
Let j(c) = -c + 4. Let v be (2/6)/((-1)/(-6)). Suppose -4*n = 4*s - 4, 2*s + 2*s + 2*n - v = 0. Give j(s).
4
Suppose 5*v - 13 - 2 = 5*g, 4*g - 3*v = -7. Let s(o) = -3 + g*o + 1 - 4*o + 0 + o**2. Determine s(3).
1
Let v be 0 + -2 + (-5)/(5/(-2)). Let q(n) be the second derivative of v*n**2 - 2*n + 1/12*n**4 + 1/6*n**3 + 0 - 7/20*n**5. What is q(-1)?
7
Suppose -4*p = 5*j + p + 5, -2*j - p = 7. Let v(n) = -n**3 - 7*n**2 - 6*n + 4. Calculate v(j).
4
Let l(z) be the second derivative of -11*z**3/6 - z**2/2 + z. Determine l(-1).
10
Let q(l) = -2*l**2 - 10*l - 4. Let u(y) = -y**2 - 3*y - 1. Let t(f) = -2*q(f) + 7*u(f). Calculate t(1).
-3
Let c(g) = 4*g**2 - g + 4. Let m(h) = -3*h**2 + h - 3. Let s(d) = 2*c(d) + 3*m(d). Let z(a) = a**2 - 4*a - 7. Let w be z(5). What is s(w)?
-7
Let v(g) = 4 + 2*g - 4*g - 1. Suppose -a = -5*y + 8, -6*y + 3*y = 4*a - 14. Determine v(a).
-1
Suppose -3*p + 20 = 2*a, -p + 2*a + 16 = 2*p. Let b(k) = -3 + 0*k - 4 + p + 4*k. Determine b(1).
3
Let d(i) = -2*i + i**3 - 2 + 0*i**2 + 1 + 0*i**3 - 3*i**2. Suppose 3*r - 8 = -2*w, 3*r - 12 = -3*w